
21
Calculate (4 - (-13 - -1 - -13)) + (3 - 33).
-27
Evaluate -13 - -10 - 87 - (27 + (-10 - 18)).
-89
22 - (181 - 149) - ((81 - -2) + -2 + 1)
-92
What is the value of 72 + (-31 - -12 - 57)?
-4
(-604 - -388) + 145 + -7
-78
What is the value of 3 - (15 - (3 - -1)) - (-2981 - -2912)?
61
Calculate (-39 - (-63 - (-46 - -28))) + 46.
52
1 - -6 - (-66 - -53)
20
Evaluate 48 - (87 + -93 - -14).
40
What is 127 + (121 - 115) - 186?
-53
What is the value of (10 - (-1 - (-8 + -3) - -1)) + -5 - 26?
-32
(-411 - -433) + (-67 - -21)
-24
Evaluate 20 - (-20 + 45 + -35 + 2 + -47).
75
What is 14391 - 14281 - (-1 - -208)?
-97
What is -9 + 42 + 6 + (-18 - -15) - (-1 + -8)?
45
Calculate (29 - (65 - (69 + 37))) + 0 + -7.
63
What is 257 - 265 - ((6 - 5) + 19)?
-28
Evaluate 1 + 44 - -1 - (-228 - -247).
27
(-20 + 32 - 13 - 31) + 15
-17
Calculate (-34 - (-5 - -12)) + (-461 - -588).
86
Evaluate 2601 + -2652 - (-43 + 0).
-8
What is -12 + 234 + -220 + -10 + 1 + -46?
-53
Calculate 5 + -2 + -14 + -364 + 358 - -46.
29
Calculate 25 - (-10 - -19) - (-11 - (3 + -1)).
29
What is the value of (22 - (3 + -6)) + -496 + 426?
-45
Calculate 2 - ((6 - -7) + -9 + -3 - -29).
-28
Evaluate (-63 - -31 - (-9 - 0)) + (-5 - 1).
-29
Evaluate -32 + (-29 + 50 - -3).
-8
What is the value of (-21 - -11) + -5 + -2 + 7 - (26 - -35)?
-71
What is the value of 89 - ((-83 - -16) + 126)?
30
Calculate (-21 - -2 - (-25 + (13 - 17))) + -80.
-70
What is the value of -5 + (-5 + -10 - -16) - -28?
24
What is the value of -571 - -602 - (0 + 17) - 23?
-9
What is the value of 11 - 1 - (112 + -138 + 5 + 21)?
10
What is the value of (9 - 1) + 42 + -62 + (3 - -20) - -7?
18
Calculate 54 + -65 - (-8 + (10 - 3) + 9 - -1).
-20
16 + -4 - (47 + -31)
-4
Calculate (7 - (46 + -26)) + -1 - ((0 - 0) + -11).
-3
What is the value of 47 - (-7 + (-14 - (-47 - -17)))?
38
5 + 13 - 15 - (100 - -10) - (-4 + 6)
-109
What is 12 - (2 + -1) - (279 + -374 + 125)?
-19
-14 + (-98 - (-35 + (-33 - -20)))
-64
22 - (11 - (-71 + (15 - 40)))
-85
7 + -1 + 2 - (4011 - 4009)
6
What is 26 + -2 + -25 + -86 + 90?
3
What is the value of (-3 - -92) + (-79 - (-10 - 55))?
75
Calculate (-55 - 0) + (2 - (-42 - -12)) + -49.
-72
-19 - (13 - -11) - -16 - -15
-12
12 - -2 - (-905 + 956)
-37
What is (-1 - (2 - 1) - -1) + 12720 + -12704?
15
Evaluate (-104 - -79 - -17) + -11 + (0 - 2).
-21
(-160 - -162) + -1 + -52
-51
40 - (19 + -28 + 5 + -8)
52
What is 11 + (-18 - -11 - 14) + 10 + -53 - -5?
-48
Calculate -11 + ((-1 - -4) + (-113 - -121) - 16) + -51.
-67
Calculate 13 + 30 + -44 + 2 + -4 - -11.
8
Evaluate (-5 + 0 - (97 + -86) - -12) + -23.
-27
Calculate (-7 - 87) + 12 - -32.
-50
Evaluate (0 - -15) + 3273 + -3296.
-8
What is 8 + 4 - (7 + (-30 - (-1 - 6)))?
28
Evaluate -16 + (228 - 85) + -1 + (16 - 2).
140
Calculate (20 + 1 - -12) + -13.
20
What is (0 - -11) + (67 - 85) - (3 + -52 - 0)?
42
What is -8 + (-88 - -41) + 35 + -2 + 0 + -6?
-28
-44 + 48 + (52 - 30)
26
What is -39 + (102 - 50) + (4 - -7)?
24
Calculate (26 - (-27 - (-23 + -32))) + -28.
-30
Calculate 29 - (87 - 125 - -72).
-5
Calculate 105 + -23 + -35 - (8 - 5).
44
Calculate -22 + 63 + (56 - 51).
46
-109 - -1 - 2 - (139 + -96 + -63)
-90
76 + (27 - 60) + 30 + 11
84
-1 + 61 + 4 + -15 + 33 + -20 + -8
54
What is 1 + 15 - (-1526 - -1548)?
-6
What is the value of -6 + -49 + (-3 - -9 - 1)?
-50
Evaluate -83 - (9 + (15 - 9) + -18 + -7).
-73
What is -1 - (-9 - (-54 + 33 + 5 + (-8 - -2)))?
-14
What is 34 + (-18 - -26) + (-20 - -5) + 8?
35
21 - (-12 - (19 + -65))
-13
What is 0 + 29 + (4 + 8 - 23) + -62?
-44
What is -82 - -75 - (-89 + -2 + 11)?
73
Calculate -74 - (93 + 85) - -148.
-104
What is (2 - 0) + -1 - (-635 + 645 + (-4 - 45))?
40
Evaluate 38 - (-31 + 44) - (18 + 3).
4
Calculate 41 - (13 + -29 + 46 + 29).
-18
What is the value of (-23 + 28 - -6 - (-12 - 0)) + 12?
35
Evaluate -12 + 1 - (-32 + -16 + 3 + -4 + 5).
33
-86 + 97 - (3 + 3) - (2 + 3 - -26)
-26
Evaluate 18 + (2158 - 2168) + 1 + 17 + 0.
26
-58 - (3 + 2) - (-12 - 14 - -23)
-60
(2 + -1 - 5) + 22 + (-26 - 62) + 3
-67
What is -21 - (11 - (11 + 52))?
31
Evaluate 74 - (-12 + -40 + 163).
-37
147 + (-61 - (46 - -91))
-51
Calculate (0 + 13 - 1) + (3251 - 3249) + -13 - 10.
-9
Calculate -61 - 1 - (-13 + (-22 - -26) + 14).
-67
Calculate (-75 - -3) + 179 + -105.
2
What is the value of (22 - (10 - -5)) + (14 - (9 - -14))?
-2
What is the value of -108 - (-40 + 27 - (1 + (-3 - -3) + 0))?
-94
Evaluate -6 - -19 - (-7 - (9 + (12 - -6))).
47
What is 0 - -14 - (36 + 26 + -52)?
4
Evaluate -46 + (36 - (-16 + -27)).
33
-132 + 40 + (-27 - (-57 - -40))
-102
What is 2 + -19 + -1967 + 1926?
-58
What is the value of (-2 - (-5 - -4)) + -13 + (-377 - -379)?
-12
-30 + 49 + -97 + 14 - (-11 + 1)
-54
Calculate (68 + 55 - 71) + 26.
78
What is the value of 970 - 947 - (5 - 6)?
24
Evaluate 23 + -36 + (0 - -5) + -65.
-73
What is the value of 54 + -158 + 184 + -85?
-5
(-1 - 58) + (-219 - -384 - 125)
-19
Evaluate -41 - ((9 - 1) + (38 - (31 - -13))).
-43
What is the value of -47 + 29 - (-6 - 6 - (0 + -3))?
-9
Calculate (-10 - (-9 - -4)) + 10 + -8 + -26.
-29
(167 - 207 - (26 + -6)) + (14 - 1) + 0
-47
What is (-51 - (-13 - -13)) + 84 + 44?
77
Evaluate (-11 - (10 - 26)) + (-9 - 3) + 4 - 21.
-24
Evaluate -4214 + 4215 - ((-4 - -3) + (1 - 1) + -30).
32
Evaluate -31 + -15 + -44 + 141.
51
-65 + 17 + -17 - -37
-28
What is the value of 0 + (-3 - 56) - (-737 - -727) - (-1 - 5)?
-43
Calculate (33 - 64) + 40 + -29.
-20
Calculate (43 - -17 - 16) + (-3 + 3 + -1 - 7).
36
What is -3128 - -3041 - (-148 - -1)?
60
Evaluate -35 + (-5 - -16 - -80).
56
What is -104 - (63 - (-51 + 174))?
-44
Calculate 6289 - 6195 - (1 + 52).
41
Evaluate (-15 - (-59 + 68)) + 20 - (-65 + -1).
62
What is the value of (352 - 342) + (-4 - -20)?
26
Calculate 1 + 2 + -2 + (-7 - (25 - 42)) - -38.
49
What is 4 - (39 - (-7 - (4 + (9 - 18 - -8))))?
-45
(59 - 71) + (18 - 1) - 37
-32
Calculate -158 + 44 + (-1 - 0) + (153 - 145) + -13.
-120
What is the value of -5 + -7 + 6 + 10 - (20 - 37)?
21
What is (1 - (0 + 13)) + (-2148 + 2163 - (19 - 0))?
-16
What is the value of (1041 - 1072) + 5 + -2?
-28
Evaluate -100 + 118 + -3 + (-1 - 76).
-62
Evaluate (2 - (22 - 14)) + -5 + 10.
-1
What is -8 + -62 + 8 + 2 + 20?
-40
Calculate (84 - 68) + (-2 - 3) - 39.
-28
-8 - (-7 + (0 - (-4 + -9)) + -1)
-13
What is the value of -5 - (22 + -24 - 10) - -11?
18
What is -49 + -44 + 1 + 44?
-48
What is -35 - (-40 - (-14 - 0))?
-9
What is 11 - ((1 - 17) + -10 + 29 + -51 + 0)?
59
(37 - (34 + (-13 - -3))) + (4 - 96)
-79
What is the value of -9 + 1 + 1 + -3 + 168 + -206 + 0?
-48
What is 9 - (-16 + 11 + 5 - -1) - (32 - -1)?
-25
What is the value of -49 - (-29 - (-87 + 49))?
-58
Calculate (34 - 48) + 23 + -3 + -3 + 22.
25
What is 9 + 33 + 12 + ((0 - 6) + -1 - -5)?
52
What is the value of (33 - (49 + 28 + -16)) + -3?
-31
What is the value of 15 + (16 + -33 - 5) - 5 - (-47 - 1)?
36
What is the value of -118 + (21 - 114) - -113?
-98
Evaluate (81 - 0) + -7691 + 7620.
10
What is (-2 - -6) + 54 + -85?
-27
What is 21 + -8 - (-58 - -24)?
47
Calculate (-47 - (16 + -24)) + -7 + -6 + -1 - -6.
-47
1 + -16 + (-3 + 19 - (-112 + 126))
-13
What is -2 + 26 + 2 - -27 - (11 + 0) - -6?
48
What is the value of 102 + (-101 - -3) + -3 + 74?
75
Calculate -61 - -64 - (9 - 3 - 4 - 13).
14
Evaluate 112 + (-45 - 38) + 40.
69
What is (12 + 3 - (-4 + -13 + -11)) + (-1 - -1)?
43
What is (7 - (-10 + 1 + 9)) + -2 - (-28 + 22)?
11
What is -48 + -120 + 86 + 10 + 1?
-71
What is (566 - 639) + (4 - (4 - 9)) - (0 + -5)?
-59
4 + 1 + (-18 - -5) + (76 - 10 - 1)
57
Calculate (-7 - 4) + 6 - (-28 + -2 + -7) - -7.
39
What is -42 - (13 - 25) - -49?
19
What is the value of 32 + 25 + (-54 + 15 - 2)?
16
What is 481 + -501 + (109 - (2 - -1))?
86
-1 + 0 + -11 - -1 - -20 - -2
11
Calculate (8 - 3 - 1) + -69 - (10 - (1 + 17)).
-57
Evaluate (0 - (2 + -1)) + (-76 - (-26 - -58 - 54)).
-55
Calculate (16 - 0) + (1647 - 1712).
-49
-32 + (-4 - -5) + -1 + (-25 - -15) + 13
-29
Evaluate (-25 - -17 - 5) + 91 + 6 - (-10 - -1).
93
Calculate 15 + (-2 - 1) + (-84 - (62 - 22 - 57)).
-55
Calculate -2 + (-10 - -30) - 26 - (42 + 1).
-51
Evaluate 48 + (-31 - (-6 - 31) - 24).
30
Calculate -7013 - -7009 - (4 - (72 - 4 - -4)).
64
What is the value of (-21 - 24) + 74 - (-10 + -6 + 10)?
35
-33 + (-1065 + 1050 - (0 + -52))
4
Calculate -10 + (-21 - 0) + -21 + (-2 - 19).
-